{"id":26,"date":"2025-04-06T15:56:56","date_gmt":"2025-04-06T15:56:56","guid":{"rendered":"https:\/\/vogd.dk\/?page_id=26"},"modified":"2025-09-05T08:40:57","modified_gmt":"2025-09-05T08:40:57","slug":"kryptoskat","status":"publish","type":"page","link":"https:\/\/vogd.dk\/index.php\/kryptoskat\/","title":{"rendered":"Skatteregler"},"content":{"rendered":"<div class=\"wpb-content-wrapper\"><p>[vc_row][vc_column width=&#8221;1\/6&#8243;][\/vc_column][vc_column width=&#8221;4\/6&#8243;][vc_custom_heading text=&#8221;Skatteregler om krypto&#8221; font_container=&#8221;tag:h1|text_align:left|color:%230E1D26&#8243; use_theme_fonts=&#8221;yes&#8221; css=&#8221;&#8221;][\/vc_column][vc_column width=&#8221;1\/6&#8243;][\/vc_column][\/vc_row][vc_row][vc_column width=&#8221;1\/6&#8243;][\/vc_column][vc_column width=&#8221;4\/6&#8243;][vc_empty_space][vc_column_text css=&#8221;&#8221;]Her f\u00e5r du ti hovedpointer om skattereglerne for krypto i Danmark.<\/p>\n<p>Vil du vide mere? Bare sp\u00f8rg, det er det vi er her for.[\/vc_column_text][vc_btn title=&#8221;Kontakt&#8221; style=&#8221;custom&#8221; custom_background=&#8221;#F26101&#8243; custom_text=&#8221;#FFFFFF&#8221; shape=&#8221;round&#8221; css=&#8221;&#8221; link=&#8221;url:https%3A%2F%2Fvogd.dk%2Findex.php%2Fkontakt%2F|title:Kontakt|target:_blank&#8221;][vc_empty_space][\/vc_column][vc_column width=&#8221;1\/6&#8243;][\/vc_column][\/vc_row][vc_row][vc_column width=&#8221;1\/6&#8243;][\/vc_column][vc_column width=&#8221;4\/6&#8243;]<style type=\"text\/css\" data-type=\"the7_shortcodes-inline-css\">.carousel-shortcode.carousel-shortcode-id-d8e8325f28c452c3d2d30ec45f8460dd.owl-carousel .owl-nav div {\n  width: 36px;\n  height: 36px;\n  border-radius: 500px;\n}\n.dt-arrow-border-on.carousel-shortcode.carousel-shortcode-id-d8e8325f28c452c3d2d30ec45f8460dd.owl-carousel .owl-nav div:not(:hover):before {\n  border-width: 0px;\n}\n.dt-arrow-hover-border-on.carousel-shortcode.carousel-shortcode-id-d8e8325f28c452c3d2d30ec45f8460dd.owl-carousel .owl-nav div:hover:after {\n  border-width: 0px;\n}\n.carousel-shortcode.carousel-shortcode-id-d8e8325f28c452c3d2d30ec45f8460dd.owl-carousel .owl-nav div.owl-prev {\n  top: 50%;\n  transform: translateY(calc(-50% + 0px));\n  left: -43px;\n}\n@media all and (-ms-high-contrast: none) {\n  .carousel-shortcode.carousel-shortcode-id-d8e8325f28c452c3d2d30ec45f8460dd.owl-carousel .owl-nav div.owl-prev {\n    transform: translateY(-50%);\n    margin-top: 0px;\n  }\n}\n.carousel-shortcode.carousel-shortcode-id-d8e8325f28c452c3d2d30ec45f8460dd.owl-carousel .owl-nav div.owl-prev i {\n  padding: 0px 0px 0px 0px;\n}\n.carousel-shortcode.carousel-shortcode-id-d8e8325f28c452c3d2d30ec45f8460dd.owl-carousel .owl-nav div.owl-next {\n  top: 50%;\n  transform: translateY(calc(-50% + 0px));\n  right: -43px;\n}\n@media all and (-ms-high-contrast: none) {\n  .carousel-shortcode.carousel-shortcode-id-d8e8325f28c452c3d2d30ec45f8460dd.owl-carousel .owl-nav div.owl-next {\n    transform: translateY(-50%);\n    margin-top: 0px;\n  }\n}\n.carousel-shortcode.carousel-shortcode-id-d8e8325f28c452c3d2d30ec45f8460dd.owl-carousel .owl-nav div.owl-next i {\n  padding: 0px 0px 0px 0px;\n}\n.carousel-shortcode.carousel-shortcode-id-d8e8325f28c452c3d2d30ec45f8460dd.owl-carousel .owl-nav i {\n  font-size: 18px;\n}\n.carousel-shortcode.carousel-shortcode-id-d8e8325f28c452c3d2d30ec45f8460dd.owl-carousel .owl-nav div:not(:hover) i,\n.carousel-shortcode.carousel-shortcode-id-d8e8325f28c452c3d2d30ec45f8460dd.owl-carousel .owl-nav div:not(:hover) i:before {\n  color: #ffffff;\n  background: none;\n}\n.carousel-shortcode.carousel-shortcode-id-d8e8325f28c452c3d2d30ec45f8460dd.owl-carousel .owl-nav div:hover i,\n.carousel-shortcode.carousel-shortcode-id-d8e8325f28c452c3d2d30ec45f8460dd.owl-carousel .owl-nav div:hover i:before {\n  color: rgba(255,255,255,0.75);\n  background: none;\n}\n.carousel-shortcode.carousel-shortcode-id-d8e8325f28c452c3d2d30ec45f8460dd .owl-dots {\n  top: calc(100% + 20px);\n  left: 50%;\n  transform: translateX(calc(-50% + 0px));\n}\n@media all and (-ms-high-contrast: none) {\n  .carousel-shortcode.carousel-shortcode-id-d8e8325f28c452c3d2d30ec45f8460dd .owl-dots {\n    transform: translateX(-50%);\n    margin-left: 0px;\n  }\n}\n.carousel-shortcode.carousel-shortcode-id-d8e8325f28c452c3d2d30ec45f8460dd .owl-dot {\n  width: 10px;\n  height: 10px;\n  margin: 0 8px;\n}\n.bullets-scale-up.carousel-shortcode.carousel-shortcode-id-d8e8325f28c452c3d2d30ec45f8460dd .owl-dot:not(.active):not(:hover) span {\n  background: #00000000;\n}\n.bullets-stroke.carousel-shortcode.carousel-shortcode-id-d8e8325f28c452c3d2d30ec45f8460dd .owl-dot:not(.active):not(:hover) span {\n  background: #00000000;\n}\n.bullets-fill-in.carousel-shortcode.carousel-shortcode-id-d8e8325f28c452c3d2d30ec45f8460dd .owl-dot:not(.active):not(:hover) span {\n  box-shadow: inset 0 0 0 2px #00000000;\n}\n.bullets-small-dot-stroke.carousel-shortcode.carousel-shortcode-id-d8e8325f28c452c3d2d30ec45f8460dd .owl-dot:not(.active):not(:hover) span {\n  background: #00000000;\n}\n.bullets-ubax.carousel-shortcode.carousel-shortcode-id-d8e8325f28c452c3d2d30ec45f8460dd .owl-dot span {\n  background: #00000000;\n}\n.bullets-etefu.carousel-shortcode.carousel-shortcode-id-d8e8325f28c452c3d2d30ec45f8460dd .owl-dot span {\n  background: #00000000;\n}\n@media screen and (max-width: 778px) {\n  .carousel-shortcode.carousel-shortcode-id-d8e8325f28c452c3d2d30ec45f8460dd.hide-arrows .owl-nav a {\n    display: none;\n  }\n}\n@media screen and (max-width: 778px) {\n  .carousel-shortcode.carousel-shortcode-id-d8e8325f28c452c3d2d30ec45f8460dd.reposition-arrows .owl-nav .owl-prev {\n    top: 50%;\n    transform: translateY(calc(-50% + 0px));\n    left: 10px;\n  }\n  .carousel-shortcode.carousel-shortcode-id-d8e8325f28c452c3d2d30ec45f8460dd.reposition-arrows .owl-nav .owl-next {\n    top: 50%;\n    transform: translateY(calc(-50% + 0px));\n    right: 10px;\n  }\n}\n@media screen and (max-width: 778px) and all and (-ms-high-contrast: none) {\n  .carousel-shortcode.carousel-shortcode-id-d8e8325f28c452c3d2d30ec45f8460dd.reposition-arrows .owl-nav .owl-prev {\n    transform: translateY(-50%);\n    margin-top: 0px;\n  }\n}\n@media screen and (max-width: 778px) and all and (-ms-high-contrast: none) {\n  .carousel-shortcode.carousel-shortcode-id-d8e8325f28c452c3d2d30ec45f8460dd.reposition-arrows .owl-nav .owl-next {\n    transform: translateY(-50%);\n    margin-top: 0px;\n  }\n}<\/style><div class=\"owl-carousel carousel-shortcode dt-owl-carousel-call carousel-shortcode-id-d8e8325f28c452c3d2d30ec45f8460dd bullets-small-dot-stroke arrows-bg-on dt-arrow-border-on dt-arrow-hover-border-on disable-arrows-hover-bg arrows-hover-bg-on  \" data-scroll-mode=\"1\" data-col-num=\"1\" data-wide-col-num=\"1\" data-laptop-col=\"1\" data-h-tablet-columns-num=\"1\" data-v-tablet-columns-num=\"1\" data-phone-columns-num=\"1\" data-auto-height=\"false\" data-col-gap=\"30\" data-stage-padding=\"0\" data-speed=\"600\" data-autoplay=\"true\" data-autoplay_speed=\"6000\" data-arrows=\"true\" data-bullet=\"true\" data-next-icon=\"icon-ar-017-r\" data-prev-icon=\"icon-ar-017-l\">[vc_column_text css=&#8221;.vc_custom_1744645976016{background-color: #FFFFFF !important;}&#8221;]<img loading=\"lazy\" decoding=\"async\" class=\"wp-image-98 size-full alignleft\" src=\"https:\/\/vogd.dk\/wp-content\/uploads\/2025\/04\/31.png\" alt=\"\" width=\"1920\" height=\"1080\" srcset=\"https:\/\/vogd.dk\/wp-content\/uploads\/2025\/04\/31.png 1920w, https:\/\/vogd.dk\/wp-content\/uploads\/2025\/04\/31-300x169.png 300w, https:\/\/vogd.dk\/wp-content\/uploads\/2025\/04\/31-1024x576.png 1024w, https:\/\/vogd.dk\/wp-content\/uploads\/2025\/04\/31-768x432.png 768w, https:\/\/vogd.dk\/wp-content\/uploads\/2025\/04\/31-1536x864.png 1536w\" sizes=\"auto, (max-width: 1920px) 100vw, 1920px\" \/><\/p>\n<h3 style=\"text-align: left;\"><strong>Lovgrundlaget &#8211; hvilke regler g\u00e6lder?<\/strong><\/h3>\n<p style=\"text-align: left;\">I Danmark er der ingen s\u00e6rlige regler for beskatning af handel med Bitcoin, anden kryptovaluta og kryptoaktiver.<\/p>\n<p style=\"text-align: left;\">Handler beskattes derfor efter de almindelige regler i statsskatteloven om spekulation ved handel med formuegenstande (spothandler).<\/p>\n<p style=\"text-align: left;\">Eller efter reglerne i kursgevinstloven om finansielle kontrakter (handler med finansielle kontrakter som f.eks. futures, shorts\/longs og andre gearede handler).<\/p>\n<p style=\"text-align: left;\">Skatteministeriet arbejder p\u00e5 et s\u00e6t nye regler om beskatning af krypto. Arbejdet mod nye regler har v\u00e6ret undervejs i \u00e5revis, men forventes nu omsat til et lovforslag i l\u00f8bet af 2025.<\/p>\n<p style=\"text-align: left;\">Indtil disse nye regler er tr\u00e5dt i kraft, g\u00e6lder reglerne beskrevet her.<\/p>\n<p style=\"text-align: left;\">Det er efter vores opfattelse uhensigtsm\u00e6ssigt at is\u00e6r spothandler beskattes asymmetrisk \u2013 med langt h\u00f8jere beskatning af gevinst end fradrag for tab. Det \u00e6ndrer sig forh\u00e5bentlig.<\/p>\n<p>[\/vc_column_text][vc_column_text css=&#8221;&#8221;]<img loading=\"lazy\" decoding=\"async\" class=\"alignnone wp-image-99 size-full alignleft\" src=\"https:\/\/vogd.dk\/wp-content\/uploads\/2025\/04\/32.png\" alt=\"\" width=\"1920\" height=\"1080\" srcset=\"https:\/\/vogd.dk\/wp-content\/uploads\/2025\/04\/32.png 1920w, https:\/\/vogd.dk\/wp-content\/uploads\/2025\/04\/32-300x169.png 300w, https:\/\/vogd.dk\/wp-content\/uploads\/2025\/04\/32-1024x576.png 1024w, https:\/\/vogd.dk\/wp-content\/uploads\/2025\/04\/32-768x432.png 768w, https:\/\/vogd.dk\/wp-content\/uploads\/2025\/04\/32-1536x864.png 1536w\" sizes=\"auto, (max-width: 1920px) 100vw, 1920px\" \/><\/p>\n<h3 style=\"text-align: left;\">Spothandler \u2013 hvordan beskattes de?<\/h3>\n<p style=\"text-align: left;\">Almindelige spothandler, hvor du k\u00f8ber eller s\u00e6lger krypto med spekulation for \u00f8je, beskattes efter statsskatteloven. Bem\u00e6rk at dette er tilf\u00e6ldet n\u00e5r du s\u00e6lger krypto b\u00e5de for fiat-valuta og for anden krypto.<\/p>\n<p style=\"text-align: left;\">For personer skal gevinst p\u00e5 spothandler selvangives som en del af din personlige indkomst. Skatteprocenten afh\u00e6nger af din \u00f8vrige indt\u00e6gt men beskattes med op til ca. 53 % (hvis du betaler topskat).<\/p>\n<p style=\"text-align: left;\">Tab p\u00e5 almindelige handler skal selvangives som et ligningsm\u00e6ssigt fradrag p\u00e5 l\u00f8nmodtagerudgifter.<\/p>\n<p style=\"text-align: left;\">Skattev\u00e6rdien af fradraget er ca. 27%<\/p>\n<p style=\"text-align: left;\">Opg\u00f8relsen af gevinst og tab sker i praksis efter FIFO-princippet (f\u00f8rst ind, f\u00f8rst ud) og f\u00f8rst n\u00e5r der sker et salg (ved realisation).<\/p>\n<p style=\"text-align: left;\">Skattemyndighederne anerkender i s\u00e6rlige tilf\u00e6lde at opg\u00f8relsen foretages separat efter at aktiv-for-aktiv princip og alts\u00e5 ikke efter FIFO princippet, hvor det kan dokumenteres at flere m\u00e6ngder af samme kryptoaktiv er holdt adskilt. Men det er en helt s\u00e6rlig undtagelse og myndighedernes dokumentationskrav er meget store. I praksis opg\u00f8res da ogs\u00e5 n\u00e6sten alle handler efter FIFO princippet.<\/p>\n<p style=\"text-align: left;\">Indtil vi f\u00e5r nye skatteregler p\u00e5 krypto forventer vi at FIFO-princippet vil v\u00e6re den altovervejende opg\u00f8relsesmetode i praksis.<\/p>\n<p style=\"text-align: left;\">Fees skal till\u00e6gges anskaffelsessummen n\u00e5r man k\u00f8ber krypto og fradrages i afst\u00e5elsessummen, n\u00e5r man s\u00e6lger krypto.<\/p>\n<p style=\"text-align: left;\">K\u00f8ber du f.eks. 1 ETH for 15.000 kr. og betaler 0,01 ETH i fee for handlen (v\u00e6rdi 150 kr.), er anskaffelsessummen 15.150 kr. for din 1 ETH.<\/p>\n<p>[\/vc_column_text][vc_column_text css=&#8221;&#8221;]<img loading=\"lazy\" decoding=\"async\" class=\"wp-image-100 size-large alignnone\" src=\"https:\/\/vogd.dk\/wp-content\/uploads\/2025\/04\/33-1024x576.png\" alt=\"\" width=\"1024\" height=\"576\" srcset=\"https:\/\/vogd.dk\/wp-content\/uploads\/2025\/04\/33-1024x576.png 1024w, https:\/\/vogd.dk\/wp-content\/uploads\/2025\/04\/33-300x169.png 300w, https:\/\/vogd.dk\/wp-content\/uploads\/2025\/04\/33-768x432.png 768w, https:\/\/vogd.dk\/wp-content\/uploads\/2025\/04\/33-1536x864.png 1536w, https:\/\/vogd.dk\/wp-content\/uploads\/2025\/04\/33.png 1920w\" sizes=\"auto, (max-width: 1024px) 100vw, 1024px\" \/><\/p>\n<h3 style=\"text-align: left;\">Gearede handler (short, long, futures m.v.) \u2013 hvordan beskattes de?<\/h3>\n<p style=\"text-align: left;\">Gearede handler (\u201dleveraged trades\u201d) beskattes efter reglerne om finansielle kontrakter i kursgevinstloven.<\/p>\n<p style=\"text-align: left;\">Gevinst og tab skal derfor opg\u00f8res og beskattes som kapitalindkomst efter \u201clagerprincippet\u201d.<\/p>\n<p style=\"text-align: left;\">Det betyder, at man beskattes b\u00e5de af et skatte\u00e5rs realiserede og urealiserede gevinster ved skatte\u00e5rets afslutning. Har man et samlet tab p\u00e5 finansielle kontrakter med kryptovaluta, kan det modregnes i en gevinst p\u00e5 andre finansielle kontrakter i samme skatte\u00e5r, men ikke senere skatte\u00e5r. I s\u00e6rlige tilf\u00e6lde kan tab fremf\u00f8res til senere skatte\u00e5r, men det kr\u00e6ver s\u00e6rlig anmeldelse til Skattestyrelsen.<\/p>\n<p style=\"text-align: left;\">Skatteprocenten er ca. 37-42 % afh\u00e6ngigt af din \u00f8vrige indkomst.<\/p>\n<p>[\/vc_column_text][vc_column_text css=&#8221;&#8221;]<\/p>\n<h3><img loading=\"lazy\" decoding=\"async\" class=\"alignnone wp-image-139 size-full alignleft\" src=\"https:\/\/vogd.dk\/wp-content\/uploads\/2025\/04\/34.png\" alt=\"\" width=\"1920\" height=\"1080\" srcset=\"https:\/\/vogd.dk\/wp-content\/uploads\/2025\/04\/34.png 1920w, https:\/\/vogd.dk\/wp-content\/uploads\/2025\/04\/34-300x169.png 300w, https:\/\/vogd.dk\/wp-content\/uploads\/2025\/04\/34-1024x576.png 1024w, https:\/\/vogd.dk\/wp-content\/uploads\/2025\/04\/34-768x432.png 768w, https:\/\/vogd.dk\/wp-content\/uploads\/2025\/04\/34-1536x864.png 1536w\" sizes=\"auto, (max-width: 1920px) 100vw, 1920px\" \/><\/h3>\n<h3 style=\"text-align: left;\">Airdrops \u2013 hvordan beskattes de?<\/h3>\n<p style=\"text-align: left;\">Airdrops beskattes b\u00e5de ved modtagelsen og igen n\u00e5r de s\u00e6lges.<\/p>\n<p style=\"text-align: left;\">Modtager du derfor 1.000 ABC tokens til en v\u00e6rdi af 1.000 kr. som airdrop, skal du indberette 1.000 kr. som anden personlig indkomst.<\/p>\n<p style=\"text-align: left;\">S\u00e6lger du \u00e5ret efter disse 1.000 ABC tokens til 10.000 kr., skal du indberette gevinsten (9.000 kr.) som anden personlig indkomst i dette efterf\u00f8lgende skatte\u00e5r.<\/p>\n<p style=\"text-align: left;\">Opg\u00f8relsesmetoden f\u00f8lger det samme som g\u00f8r sig g\u00e6ldende for spothandler.<\/p>\n<p>[\/vc_column_text][vc_column_text css=&#8221;&#8221;]<\/p>\n<h4><img loading=\"lazy\" decoding=\"async\" class=\"alignnone wp-image-140 size-full\" src=\"https:\/\/vogd.dk\/wp-content\/uploads\/2025\/04\/35.png\" alt=\"\" width=\"1920\" height=\"1080\" srcset=\"https:\/\/vogd.dk\/wp-content\/uploads\/2025\/04\/35.png 1920w, https:\/\/vogd.dk\/wp-content\/uploads\/2025\/04\/35-300x169.png 300w, https:\/\/vogd.dk\/wp-content\/uploads\/2025\/04\/35-1024x576.png 1024w, https:\/\/vogd.dk\/wp-content\/uploads\/2025\/04\/35-768x432.png 768w, https:\/\/vogd.dk\/wp-content\/uploads\/2025\/04\/35-1536x864.png 1536w\" sizes=\"auto, (max-width: 1920px) 100vw, 1920px\" \/><\/h4>\n<h3 style=\"text-align: left;\">Staking rewards \u2013 hvordan beskattes de?<\/h3>\n<p style=\"text-align: left;\">Staking rewards beskattes b\u00e5de ved modtagelsen og igen n\u00e5r de s\u00e6lges.<\/p>\n<p style=\"text-align: left;\">Modtager du derfor 1.000 ABC tokens til en v\u00e6rdi af 1.000 kr. som staking reward, skal du indberette 1.000 kr. som anden personlig indkomst.<\/p>\n<p style=\"text-align: left;\">S\u00e6lger du \u00e5ret efter disse 1.000 ABC tokens til 10.000 kr., skal du indberette gevinsten (9.000 kr.) som anden personlig indkomst i dette efterf\u00f8lgende skatte\u00e5r.<\/p>\n<p style=\"text-align: left;\">Opg\u00f8relsesmetoden f\u00f8lger det samme som g\u00f8r sig g\u00e6ldende for spothandler.<\/p>\n<p>[\/vc_column_text][vc_column_text css=&#8221;&#8221;]<\/p>\n<h3><img loading=\"lazy\" decoding=\"async\" class=\"alignnone wp-image-141 size-full alignleft\" src=\"https:\/\/vogd.dk\/wp-content\/uploads\/2025\/04\/36.png\" alt=\"\" width=\"1920\" height=\"1080\" srcset=\"https:\/\/vogd.dk\/wp-content\/uploads\/2025\/04\/36.png 1920w, https:\/\/vogd.dk\/wp-content\/uploads\/2025\/04\/36-300x169.png 300w, https:\/\/vogd.dk\/wp-content\/uploads\/2025\/04\/36-1024x576.png 1024w, https:\/\/vogd.dk\/wp-content\/uploads\/2025\/04\/36-768x432.png 768w, https:\/\/vogd.dk\/wp-content\/uploads\/2025\/04\/36-1536x864.png 1536w\" sizes=\"auto, (max-width: 1920px) 100vw, 1920px\" \/><\/h3>\n<h3 style=\"text-align: left;\">Hard forks (forkede coins) \u2013 hvordan beskattes det?<\/h3>\n<p style=\"text-align: left;\">Modtager du forkede tokens som f\u00f8lge af en hard fork af en blockchain, du i forvejen har tokens p\u00e5, er modtagelsen af de forkede tokens skattefri. Der er til geng\u00e6ld skattepligt p\u00e5 salget af de forkede tokens.<\/p>\n<p style=\"text-align: left;\">Opg\u00f8relsesmetoden f\u00f8lger det samme som g\u00f8r sig g\u00e6ldende for spothandler.<\/p>\n<p style=\"text-align: left;\">Har du eksempelvis 10 ABC1 tokens i din wallet og modtager 10 ABC2 tokens i din wallet, fordi ABC1-blockchainen forkes, er modtagelsen af de 10 ABC2 tokens skattefri. Skattestyrelsen betragter det s\u00e5dan, at du allerede anskaffede de 10 ABC2 tokens da du anskaffede de 10 ABC1 tokens \u2013 og derfor er modtagelsen af de forkede tokens ikke skattepligtigt.<\/p>\n<p style=\"text-align: left;\">Anskaffelsessummen for dine 10 ABC2 tokens udgjorde 0 kr. N\u00e5r du s\u00e6lger dine 10 ABC2 tokens til en v\u00e6rdi af 10.000 kr., skal du derfor indberette den fulde gevinst (10.000 kr.) som anden personlig indkomst.<\/p>\n<p>[\/vc_column_text][vc_column_text css=&#8221;&#8221;]<\/p>\n<h3><img loading=\"lazy\" decoding=\"async\" class=\"alignnone wp-image-142 size-full\" src=\"https:\/\/vogd.dk\/wp-content\/uploads\/2025\/04\/37.png\" alt=\"\" width=\"1920\" height=\"1080\" srcset=\"https:\/\/vogd.dk\/wp-content\/uploads\/2025\/04\/37.png 1920w, https:\/\/vogd.dk\/wp-content\/uploads\/2025\/04\/37-300x169.png 300w, https:\/\/vogd.dk\/wp-content\/uploads\/2025\/04\/37-1024x576.png 1024w, https:\/\/vogd.dk\/wp-content\/uploads\/2025\/04\/37-768x432.png 768w, https:\/\/vogd.dk\/wp-content\/uploads\/2025\/04\/37-1536x864.png 1536w\" sizes=\"auto, (max-width: 1920px) 100vw, 1920px\" \/><\/h3>\n<h3 style=\"text-align: left;\">Mining \u2013 hvordan beskattes det?<\/h3>\n<p style=\"text-align: left;\">Tokens modtaget som f\u00f8lge af mining beskattes b\u00e5de ved modtagelsen og igen ved salg.<\/p>\n<p style=\"text-align: left;\">Mining kan skattem\u00e6ssigt p\u00e5 sin vis sammenlignes med l\u00f8n man modtager for arbejde. Mining behandles og beskattes oftest som hobbyvirksomhed \u2013 hvilket imidlertid ikke \u00e6ndrer ved det grundl\u00e6ggende, at der beskattes ved modtagelse og igen ved salg som anden personlig indkomst.<\/p>\n<p style=\"text-align: left;\">Modtager du derfor 1.000 ABC tokens til en v\u00e6rdi af 1.000 kr. som mining reward, skal du indberette 1.000 kr. som anden personlig indkomst.<\/p>\n<p style=\"text-align: left;\">S\u00e6lger du \u00e5ret efter disse 1.000 ABC tokens til 10.000 kr., skal du indberette gevinsten (9.000 kr.) som anden personlig indkomst i dette efterf\u00f8lgende skatte\u00e5r.<\/p>\n<p style=\"text-align: left;\">Miner du, kan du imidlertid udover transaktionsfees ogs\u00e5 indberette dine omkostninger til mining som fradag. Der kan v\u00e6re tale om hardware- og softwareomkostninger og str\u00f8momkostninger direkte knyttet til mining virksomheden.<\/p>\n<p>[\/vc_column_text][vc_column_text css=&#8221;&#8221;]<\/p>\n<h3 style=\"text-align: left;\"><img loading=\"lazy\" decoding=\"async\" class=\"alignnone wp-image-143 size-full\" src=\"https:\/\/vogd.dk\/wp-content\/uploads\/2025\/04\/38.png\" alt=\"\" width=\"1920\" height=\"1080\" srcset=\"https:\/\/vogd.dk\/wp-content\/uploads\/2025\/04\/38.png 1920w, https:\/\/vogd.dk\/wp-content\/uploads\/2025\/04\/38-300x169.png 300w, https:\/\/vogd.dk\/wp-content\/uploads\/2025\/04\/38-1024x576.png 1024w, https:\/\/vogd.dk\/wp-content\/uploads\/2025\/04\/38-768x432.png 768w, https:\/\/vogd.dk\/wp-content\/uploads\/2025\/04\/38-1536x864.png 1536w\" sizes=\"auto, (max-width: 1920px) 100vw, 1920px\" \/>Jeg har ikke k\u00f8bt Bitcoin som spekulation \u2013 s\u00e5 er det ikke skattepligtigt?<\/h3>\n<p style=\"text-align: left;\">Det afg\u00f8rende for at handel med formuegenstande udl\u00f8ser beskatning er, at handlen sker med \u201cspekulationshensigt\u201d.<\/p>\n<p style=\"text-align: left;\">Det er en subjektiv vurdering. Hvorn\u00e5r k\u00f8ber eller s\u00e6lger man noget med spekulation for \u00f8je?<\/p>\n<p style=\"text-align: left;\">Det er p\u00e5 sin vis den samme vurdering der foretages for krypto, som det vil v\u00e6re n\u00e5r folk k\u00f8ber og s\u00e6lger dyr spiritus, kunst eller andre formuegenstande.<\/p>\n<p style=\"text-align: left;\">Skattemyndighedernes praksis p\u00e5 lige netop dette omr\u00e5de er meget klar. P\u00e5 grund af den store volatilitet og markedsudvikling, vil myndighederne betragte handel med kryptoaktiver som spekulation, hvilket efter vores vurdering omfatter langt hovedparten af alle sager.<\/p>\n<p style=\"text-align: left;\">Det er imidlertid muligt at dokumentere at kryptoaktiver er anskaffet uden spekulationshensigt.<\/p>\n<p style=\"text-align: left;\">Det kan v\u00e6re fordi man har modtaget kryptoaktiver i gave (i visse tilf\u00e6lde). Det kan ogs\u00e5 v\u00e6re fordi man kan dokumentere, at kryptoaktiver er k\u00f8bt med det form\u00e5l at skulle anvendes som betalingsmiddel og s\u00e5 netop er blevet brugt til betaling relativ kort tid efter. Men kan man ikke dokumentere andet, vil handel med kryptoaktiver blive anset som v\u00e6rende spekulation.<\/p>\n<p>[\/vc_column_text][vc_column_text css=&#8221;&#8221;]<\/p>\n<h3><img loading=\"lazy\" decoding=\"async\" class=\"alignnone wp-image-144 size-full alignleft\" src=\"https:\/\/vogd.dk\/wp-content\/uploads\/2025\/04\/39.png\" alt=\"\" width=\"1920\" height=\"1080\" srcset=\"https:\/\/vogd.dk\/wp-content\/uploads\/2025\/04\/39.png 1920w, https:\/\/vogd.dk\/wp-content\/uploads\/2025\/04\/39-300x169.png 300w, https:\/\/vogd.dk\/wp-content\/uploads\/2025\/04\/39-1024x576.png 1024w, https:\/\/vogd.dk\/wp-content\/uploads\/2025\/04\/39-768x432.png 768w, https:\/\/vogd.dk\/wp-content\/uploads\/2025\/04\/39-1536x864.png 1536w\" sizes=\"auto, (max-width: 1920px) 100vw, 1920px\" \/><\/h3>\n<h3 style=\"text-align: left;\">Kontrollerer Skat mine kryptohandler?<\/h3>\n<p style=\"text-align: left;\">Skattestyrelsen har tilladelse til at indhente oplysninger p\u00e5 danskere der handler p\u00e5 kryptoexchanges.<\/p>\n<p style=\"text-align: left;\">Gennem udvekslingsaftaler kan Skattestyrelsen ogs\u00e5 kontakte udenlandske myndigheder for at f\u00e5 indsigt i konti eller transaktioner med kryptoaktiver.<\/p>\n<p style=\"text-align: left;\">EU har i 2023 vedtaget et nyt direktiv om dataudveksling p\u00e5 kryptoomr\u00e5det (DAC8 direktivet \u2013 Directive on Administrative Cooperation), som vil f\u00f8re til \u00f8ge kontrol p\u00e5 omr\u00e5det fra 2026.<\/p>\n<p>[\/vc_column_text][vc_column_text css=&#8221;&#8221;]<\/p>\n<h3 style=\"text-align: left;\"><strong><img loading=\"lazy\" decoding=\"async\" class=\"alignleft wp-image-290 size-large\" src=\"https:\/\/vogd.dk\/wp-content\/uploads\/2025\/09\/V-to-the-D-fotos-1024x576.png\" alt=\"\" width=\"1024\" height=\"576\" srcset=\"https:\/\/vogd.dk\/wp-content\/uploads\/2025\/09\/V-to-the-D-fotos-1024x576.png 1024w, https:\/\/vogd.dk\/wp-content\/uploads\/2025\/09\/V-to-the-D-fotos-300x169.png 300w, https:\/\/vogd.dk\/wp-content\/uploads\/2025\/09\/V-to-the-D-fotos-768x432.png 768w, https:\/\/vogd.dk\/wp-content\/uploads\/2025\/09\/V-to-the-D-fotos-1536x864.png 1536w, https:\/\/vogd.dk\/wp-content\/uploads\/2025\/09\/V-to-the-D-fotos.png 1920w\" sizes=\"auto, (max-width: 1024px) 100vw, 1024px\" \/>Hvor finder jeg Skattestyrelsens vejledninger og praksis om krypto?<\/strong><\/h3>\n<p style=\"text-align: left;\">Skattestyrelsens vejledning om beskatning af krypto finder du her: <a href=\"https:\/\/skat.dk\/borger\/aktier-og-andre-vaerdipapirer\/skat-paa-krypto-kend-reglerne-saa-du-undgaar-et-skattesmaek\" target=\"_blank\" rel=\"noopener\">Beskatning af krypto&nbsp;<\/a><\/p>\n<p style=\"text-align: left;\">Den mere uddybende juridiske vejledning om beskatningen finder du her: <a href=\"https:\/\/info.skat.dk\/data.aspx?oid=2395612&amp;vid=220354&amp;lang=da\" target=\"_blank\" rel=\"noopener\">Juridisk vejledning&nbsp;<\/a><\/p>\n<p style=\"text-align: left;\">Bindende svar, afg\u00f8relser og domme om krypto kan du finde i Skattestyrelsens afg\u00f8relsesdatabase her: <a href=\"https:\/\/info.skat.dk\/data.aspx?oid=2927\" target=\"_blank\" rel=\"noopener\">Bindende svar mm.&nbsp;<\/a><\/p>\n<p>[\/vc_column_text]<\/div>[\/vc_column][vc_column width=&#8221;1\/6&#8243;][\/vc_column][\/vc_row]<\/p>\n<\/div>","protected":false},"excerpt":{"rendered":"<p>[vc_row][vc_column width=&#8221;1\/6&#8243;][\/vc_column][vc_column width=&#8221;4\/6&#8243;][vc_custom_heading text=&#8221;Skatteregler om krypto&#8221; font_container=&#8221;tag:h1|text_align:left|color:%230E1D26&#8243; use_theme_fonts=&#8221;yes&#8221; css=&#8221;&#8221;][\/vc_column][vc_column width=&#8221;1\/6&#8243;][\/vc_column][\/vc_row][vc_row][vc_column width=&#8221;1\/6&#8243;][\/vc_column][vc_column width=&#8221;4\/6&#8243;][vc_empty_space][vc_column_text css=&#8221;&#8221;]Her f\u00e5r du ti hovedpointer om skattereglerne for krypto i Danmark. Vil du vide mere? Bare sp\u00f8rg, det er det vi er her for.[\/vc_column_text][vc_btn title=&#8221;Kontakt&#8221; style=&#8221;custom&#8221; custom_background=&#8221;#F26101&#8243; custom_text=&#8221;#FFFFFF&#8221; shape=&#8221;round&#8221; css=&#8221;&#8221; link=&#8221;url:https%3A%2F%2Fvogd.dk%2Findex.php%2Fkontakt%2F|title:Kontakt|target:_blank&#8221;][vc_empty_space][\/vc_column][vc_column width=&#8221;1\/6&#8243;][\/vc_column][\/vc_row][vc_row][vc_column width=&#8221;1\/6&#8243;][\/vc_column][vc_column width=&#8221;4\/6&#8243;][\/vc_column][vc_column width=&#8221;1\/6&#8243;][\/vc_column][\/vc_row]<\/p>\n","protected":false},"author":1,"featured_media":0,"parent":0,"menu_order":0,"comment_status":"closed","ping_status":"closed","template":"","meta":{"footnotes":""},"class_list":["post-26","page","type-page","status-publish","hentry","description-off"],"_links":{"self":[{"href":"https:\/\/vogd.dk\/index.php\/wp-json\/wp\/v2\/pages\/26","targetHints":{"allow":["GET"]}}],"collection":[{"href":"https:\/\/vogd.dk\/index.php\/wp-json\/wp\/v2\/pages"}],"about":[{"href":"https:\/\/vogd.dk\/index.php\/wp-json\/wp\/v2\/types\/page"}],"author":[{"embeddable":true,"href":"https:\/\/vogd.dk\/index.php\/wp-json\/wp\/v2\/users\/1"}],"replies":[{"embeddable":true,"href":"https:\/\/vogd.dk\/index.php\/wp-json\/wp\/v2\/comments?post=26"}],"version-history":[{"count":41,"href":"https:\/\/vogd.dk\/index.php\/wp-json\/wp\/v2\/pages\/26\/revisions"}],"predecessor-version":[{"id":293,"href":"https:\/\/vogd.dk\/index.php\/wp-json\/wp\/v2\/pages\/26\/revisions\/293"}],"wp:attachment":[{"href":"https:\/\/vogd.dk\/index.php\/wp-json\/wp\/v2\/media?parent=26"}],"curies":[{"name":"wp","href":"https:\/\/api.w.org\/{rel}","templated":true}]}}