{"id":285,"date":"2025-09-04T19:52:12","date_gmt":"2025-09-04T19:52:12","guid":{"rendered":"https:\/\/vogd.dk\/?page_id=285"},"modified":"2025-09-05T08:42:18","modified_gmt":"2025-09-05T08:42:18","slug":"krypto-i-danmark","status":"publish","type":"page","link":"https:\/\/vogd.dk\/index.php\/krypto-i-danmark\/","title":{"rendered":"Krypto i Danmark"},"content":{"rendered":"<div class=\"wpb-content-wrapper\"><p>[vc_row][vc_column width=&#8221;1\/6&#8243;][\/vc_column][vc_column width=&#8221;4\/6&#8243;][vc_custom_heading text=&#8221;Krypto i Danmark&#8221; font_container=&#8221;tag:h1|text_align:left&#8221; use_theme_fonts=&#8221;yes&#8221; css=&#8221;&#8221;][vc_empty_space][vc_column_text css=&#8221;&#8221;]Vi forventer, at blockchain datainfrastrukturer og kryptoaktiver f\u00e5r en gradvist st\u00f8rre rolle i vores samfund og finansielle system \u2013 ogs\u00e5 i Danmark.<\/p>\n<p>Det g\u00f8r vi blandt andet, fordi EU arbejder strategisk og m\u00e5lrettet med udrulningen af blockchaininfrastruktur til brug i den offentlige sektor (<a href=\"https:\/\/ec.europa.eu\/digital-building-blocks\/sites\/display\/EBSI\/Home\" target=\"_blank\" rel=\"noopener\">EBSI<\/a>).<\/p>\n<p>Blockchain bliver ogs\u00e5 anvendt som infrastruktur for den kommende digitale identitets wallet, der i kommende \u00e5r rulles ud p\u00e5 tv\u00e6rs af EU som f\u00f8lge af den europ\u00e6iske identitets forordning (<a href=\"https:\/\/digital-strategy.ec.europa.eu\/en\/policies\/eidas-regulation\" target=\"_blank\" rel=\"noopener\">EU Digital Identitets forordning<\/a>) + (<a href=\"https:\/\/digst.dk\/it-loesninger\/eid-og-single-digital-gateway\/eidas2-og-den-digitale-identitetstegnebog\/\" target=\"_blank\" rel=\"noopener\">Digitaliseringsstyrelsen<\/a>).<\/p>\n<p>EU har endvidere udstedt centrale dele af en regulatorisk pakke, som skal danne rammen for anvendelsen af krypto og andre digitale aktiver i vores finansielle markeder (<a href=\"https:\/\/eur-lex.europa.eu\/legal-content\/DA\/TXT\/?uri=CELEX:32023R1114\" target=\"_blank\" rel=\"noopener\">MiCA forordningen<\/a>) + (<a href=\"https:\/\/www.finanstilsynet.dk\/lovgivning\/eu-lovsamling\/mica\" target=\"_blank\" rel=\"noopener\">Finanstilsynet<\/a>).<\/p>\n<p>OECD bakker endvidere kraftigt op om tokenisering og udviklingen af markedsstrukturer for tokeniserede aktiver&nbsp;(<a href=\"https:\/\/www.oecd.org\/en\/publications\/the-tokenisation-of-assets-and-potential-implications-for-financial-markets_83493d34-en.html\" target=\"_blank\" rel=\"noopener\">OECD<\/a>).<\/p>\n<p>Parallelt med alle disse udviklinger sker en st\u00f8t stigende udbredelse af krypto i Danmark og norden. Den seneste markedsanalyse for 2025, udf\u00f8rt af Nordic Blockchain Association og K33 research, konkluderer blandt andet, at 9,8% af alle danskere ejer krypto, en stigning fra 6,5% i 2024&nbsp;(<a href=\"https:\/\/k33.com\/research\/articles\/nordic-crypto-adoption-survey-2025\" target=\"_blank\" rel=\"noopener\">Nordic Crypto Adoption Survey 2025<\/a>).[\/vc_column_text][\/vc_column][vc_column width=&#8221;1\/6&#8243;][\/vc_column][\/vc_row]<\/p>\n<\/div>","protected":false},"excerpt":{"rendered":"<p>[vc_row][vc_column width=&#8221;1\/6&#8243;][\/vc_column][vc_column width=&#8221;4\/6&#8243;][vc_custom_heading text=&#8221;Krypto i Danmark&#8221; font_container=&#8221;tag:h1|text_align:left&#8221; use_theme_fonts=&#8221;yes&#8221; css=&#8221;&#8221;][vc_empty_space][vc_column_text css=&#8221;&#8221;]Vi forventer, at blockchain datainfrastrukturer og kryptoaktiver f\u00e5r en gradvist st\u00f8rre rolle i vores samfund og finansielle system \u2013 ogs\u00e5 i Danmark. Det g\u00f8r vi blandt andet, fordi EU arbejder strategisk og m\u00e5lrettet med udrulningen af blockchaininfrastruktur til brug i den offentlige sektor (EBSI). Blockchain bliver&hellip;<\/p>\n","protected":false},"author":1,"featured_media":0,"parent":0,"menu_order":0,"comment_status":"closed","ping_status":"closed","template":"","meta":{"footnotes":""},"class_list":["post-285","page","type-page","status-publish","hentry","description-off"],"_links":{"self":[{"href":"https:\/\/vogd.dk\/index.php\/wp-json\/wp\/v2\/pages\/285","targetHints":{"allow":["GET"]}}],"collection":[{"href":"https:\/\/vogd.dk\/index.php\/wp-json\/wp\/v2\/pages"}],"about":[{"href":"https:\/\/vogd.dk\/index.php\/wp-json\/wp\/v2\/types\/page"}],"author":[{"embeddable":true,"href":"https:\/\/vogd.dk\/index.php\/wp-json\/wp\/v2\/users\/1"}],"replies":[{"embeddable":true,"href":"https:\/\/vogd.dk\/index.php\/wp-json\/wp\/v2\/comments?post=285"}],"version-history":[{"count":5,"href":"https:\/\/vogd.dk\/index.php\/wp-json\/wp\/v2\/pages\/285\/revisions"}],"predecessor-version":[{"id":295,"href":"https:\/\/vogd.dk\/index.php\/wp-json\/wp\/v2\/pages\/285\/revisions\/295"}],"wp:attachment":[{"href":"https:\/\/vogd.dk\/index.php\/wp-json\/wp\/v2\/media?parent=285"}],"curies":[{"name":"wp","href":"https:\/\/api.w.org\/{rel}","templated":true}]}}